 + q**2 + 3. Let b be z(0). Suppose 0 = 2*k + b*k - 10, 4*k = j - 215. Let u = j - 128. Calculate the highest common factor of u and 19.
19
Suppose 3 = 2*n + 19. Let c = -6 - n. What is the greatest common divisor of c and 2?
2
Let p be 1/(-2)*0 - 1. Let d be 35*p/(-10)*4. Suppose v + d = 2*v. What is the greatest common divisor of 7 and v?
7
Let z(n) = -4*n**2 + 1. Let y be z(5). Let t = -51 - y. Calculate the highest common factor of t and 6.
6
Let r(d) = -2 + 3 + 9*d + 0 - 2. Let c be r(1). Calculate the greatest common divisor of 72 and c.
8
Let g(s) = 2*s**2 + 17*s. Let v be g(-12). Calculate the highest common factor of v and 14.
14
Let v = -4 - -8. Suppose v*w - 2*w - 34 = 0. Calculate the greatest common divisor of w and 153.
17
Let t be ((-17)/2)/((-6)/36). Suppose k - 15 + 48 = 3*j, 0 = -3*j - 5*k + t. What is the highest common factor of j and 96?
12
Suppose -2*k + 86 = 276. Let n(d) = 33*d - 4. Let h be n(5). Let y = k + h. Calculate the highest common divisor of y and 6.
6
Suppose 5*y - 48 + 8 = 0. Suppose c = -3*c - 2*l + 10, -4*l + y = 4*c. Suppose 4*z - 52 = -3*g, -c*g - 1 = -13. What is the greatest common divisor of z and 10?
10
Let g = 82 - 56. Let b = -53 + 92. What is the highest common factor of g and b?
13
Let h = 3 + 0. Suppose 0 = -3*q - 4*l - 92, 5*l + 122 = h*q - 7*q. Let i = q + 50. Calculate the greatest common factor of i and 198.
22
Let q = -7 + 10. Suppose -2*a = -3*y + 3, q*a - a = -2*y + 12. Suppose 0 = -y*s - 5*p + 14, -s + 5 = 2*p - 0. Calculate the greatest common factor of 3 and s.
3
Let n(g) = g**3 + 3*g**2 - 19*g + 1. Let k be n(-6). Let i be (14*-1)/(1/(-2)). What is the highest common divisor of k and i?
7
Suppose -r = 4*q - 50, -3*q - q + 4*r = -40. Calculate the highest common factor of q and 60.
12
Suppose -2*d - 8 = s, -5*d - 23 = 2*s - s. Let f be ((-20)/8 - -3)*-2. Let q be f/1*(-28)/s. Calculate the greatest common divisor of 42 and q.
14
Let s = -6 - -6. Suppose b - 16 - 14 = s. Let i = 13 - 3. Calculate the greatest common factor of b and i.
10
Suppose 13*y + 180 = 16*y. What is the greatest common divisor of 20 and y?
20
Let v(x) = 2*x**3 - 5*x**2 - 4*x + 4. Let f be v(4). Let l = -37 - -55. What is the highest common factor of f and l?
18
Suppose -12*n + 11*n = -21. Let c be ((-4)/(-6))/((-2)/(-21)). Suppose 6*k - 5*k - c = 0. Calculate the greatest common factor of k and n.
7
Suppose 2*g - 9 = -g. Suppose -g*k = k - 164. Suppose p - k = 14. What is the greatest common factor of 11 and p?
11
Suppose -93 = -2*b + 325. What is the greatest common divisor of 19 and b?
19
Let p be (-6)/(-27) + 14/18. Let n be p*(-3 + 1)*-1. What is the highest common factor of 4 and n?
2
Suppose -2*x - 15 = 3*x. Let b(q) = -18*q - 2. Let d be b(x). What is the greatest common factor of 26 and d?
26
Let m(r) = -r**3 + 7*r**2 - 2*r - 13. Let y be m(6). Calculate the highest common factor of y and 44.
11
Let j(p) = -2*p - 11. Let w be j(-10). Let d be 2*w/(-12)*-6. What is the highest common divisor of d and 99?
9
Let u = -1 + 5. Suppose -72 + 12 = -u*q. Calculate the greatest common divisor of q and 5.
5
Suppose 5*y - 16 - 4 = 0. Suppose y*m - 16 = 2*m. What is the highest common divisor of 40 and m?
8
Suppose 0*u - 104 = -4*u. Calculate the highest common factor of u and 13.
13
Suppose -r + 14 = 3*p, 9 + 17 = 3*r + p. Calculate the highest common divisor of r and 12.
4
Let q be (18 + 1)/((-3)/(-15)). Suppose -10 = -6*l + 104. Calculate the greatest common divisor of l and q.
19
Let w be -1*1/((-18)/15 - -1). What is the highest common divisor of 80 and w?
5
Let a = -2 - -8. Let o(y) = -y**2 + 8*y + 3. Let n be o(a). Calculate the greatest common factor of n and 120.
15
Let t(c) = 3*c**3 + c + 3. Let m be t(4). Let p = -122 + m. Calculate the greatest common factor of p and 11.
11
Let m(h) = h**2 - 5*h + 2. Let i be m(6). Suppose -3*l + i*l = 10. Suppose -3 = -l*g + 53. Calculate the highest common factor of 4 and g.
4
Suppose -5*z = -4*b + b - 45, -3*z - b + 27 = 0. Let a(j) = -j**3 + 5*j**2 + j + 4. Let m be a(5). What is the greatest common factor of z and m?
9
Let k(o) = o**3 + 7*o**2 - 5*o + 10. Let h be (-9)/(-6)*32/(-6). Let u be k(h). Let z = -6 - u. What is the highest common factor of 88 and z?
8
Let z = -86 + 56. Let p be (z/(-4))/((-5)/(-10)). Calculate the highest common factor of p and 60.
15
Suppose 4*s + 2*g - 54 = -12, -2*s + 2*g + 24 = 0. What is the greatest common factor of 88 and s?
11
Let w be (30/4)/(3/6). Let h = w - 3. Let q be -1*(-3)/6*4. What is the greatest common divisor of q and h?
2
Let m(z) = z - 9. Let w(s) = -2. Let b(n) = 2*m(n) - 11*w(n). Let f be b(-7). Let u be 4/f - (-34)/10. Calculate the highest common divisor of 21 and u.
3
Let g = 49 + -24. Let r = g - 13. What is the greatest common divisor of r and 12?
12
Let i(f) = -f + 64. Let z be i(0). What is the greatest common divisor of z and 16?
16
Let z be (25/(-10)*5)/((-2)/4). Calculate the greatest common factor of z and 5.
5
Let m be (7 + (-116)/20)/((-6)/(-40)). What is the highest common divisor of 40 and m?
8
Let s = -38 + 46. Calculate the greatest common factor of 88 and s.
8
Let n = 30 - -7. Calculate the greatest common factor of n and 148.
37
Let k = 25 - 10. Suppose -4*p + k = -81. Let l = -6 + p. What is the highest common factor of l and 162?
18
Let q(r) = r**3 - 2*r**2 + 2*r + 5. Let g be q(4). Calculate the greatest common divisor of 5 and g.
5
Let s = -2 + 2. Suppose 4*w = -f - s*w + 25, -5*w - 16 = -f. Calculate the highest common divisor of f and 84.
21
Let w(x) = -3*x + 6. Let k be (1 + -9)/(0 - -1). Let m be w(k). What is the greatest common divisor of m and 12?
6
Suppose 10*o - 15*o = -950. Calculate the greatest common factor of 38 and o.
38
Suppose 0 = b - 2*o + 1, -5*o = b + 15 - 42. Suppose 0*h - h - 3 = 0. Let u be -1 + (-6)/(9/h). Calculate the greatest common divisor of b and u.
1
Suppose -5*v = -2*v. Suppose -6*q + 5*q + 81 = v. Calculate the greatest common divisor of 9 and q.
9
Let v = -51 + 64. Calculate the greatest common factor of v and 52.
13
Let x be (1 - 2*-2) + -1. Suppose -7*s + x = -3*s + c, 0 = -3*s - 5*c - 14. Let t = 10 + 6. What is the greatest common divisor of s and t?
2
Let z be 37/3 + (-4)/(-6). Let c = z - 12. What is the greatest common divisor of c and 1?
1
Let b = -43 - -58. Calculate the highest common divisor of b and 60.
15
Let m(o) = 2*o**2 - 7*o + 33. Let x be m(8). Let r(g) = g**2 + 4*g + 3. Let n be r(-6). Calculate the highest common factor of x and n.
15
Let b = 15 + -5. Suppose 0 = v - 0*o + o - 5, -2*v + 3*o - b = 0. Calculate the highest common divisor of v and 1.
1
Suppose 0*l = -3*l + 117. Calculate the greatest common factor of 6 and l.
3
Let l(v) = v**3 - 3*v + 2. Let u = 13 - 8. Suppose 0 = u*i, -3*i + 12 = 4*m - 0. Let p be l(m). What is the greatest common divisor of 10 and p?
10
Let p = -4 + 8. Suppose -l - l = -p. Suppose -l*o = o - 30. What is the highest common factor of o and 2?
2
Let h be (-2 + -1 + 3)/(-2). Let t = -6 + h. Let f = 57 - t. Calculate the highest common factor of 7 and f.
7
Let f(w) = w**3 + 13*w**2 + 5*w + 12. Let d be f(-12). Calculate the highest common divisor of d and 144.
48
Suppose 4*d + 8 = 0, -5*d + 10 = 4*p - 0. Suppose 2*s - 97 = -p*r + 181, s + 266 = 5*r. What is the highest common divisor of 6 and r?
6
Let x = -10 - -19. Suppose 5*o + 69 = 3*g - g, 0 = 3*o + x. What is the greatest common divisor of 18 and g?
9
Suppose 0 = 5*a + 7*l - 3*l - 70, 2*a = -3*l + 28. Calculate the highest common divisor of a and 98.
14
Let o be 6/(-18) - (-14)/6. Let f be o + (-1)/1 - -8. Let h be 1/(-5) + 408/15. Calculate the highest common divisor of h and f.
9
Suppose 15*j + 91 = 16*j. Calculate the highest common factor of j and 13.
13
Let v(l) = -l**2 - 7*l - 4. Let m(d) = -d**3 - 10*d**2 - 8*d + 2. Let w be m(-9). Let c = 1 + w. Let h be v(c). What is the greatest common factor of h and 1?
1
Let u = -22 - -44. Calculate the greatest common divisor of u and 11.
11
Let m be (73/(-5) + 2)/(3/(-10)). Calculate the greatest common divisor of 63 and m.
21
Let u = 5 - 3. Suppose 0 = -u*n - 0*k + 4*k + 140, 0 = -3*n + 4*k + 206. What is the greatest common factor of n and 6?
6
Let y = -15 - -22. Calculate the highest common divisor of y a